{"id":327,"date":"2025-08-30T14:54:15","date_gmt":"2025-08-30T12:54:15","guid":{"rendered":"https:\/\/yanowski.fr\/?page_id=327"},"modified":"2025-08-30T15:36:55","modified_gmt":"2025-08-30T13:36:55","slug":"malevolo-et-loiseau-qui-faisait-venir-le-jour","status":"publish","type":"page","link":"https:\/\/yanowski.fr\/index.php\/malevolo-et-loiseau-qui-faisait-venir-le-jour\/","title":{"rendered":"Malevolo et l&rsquo;oiseau qui faisait venir le jour"},"content":{"rendered":"\n<figure class=\"wp-block-embed is-type-video is-provider-youtube wp-block-embed-youtube wp-embed-aspect-16-9 wp-has-aspect-ratio\"><div class=\"wp-block-embed__wrapper\">\n<iframe loading=\"lazy\" title=\"Malevolo et l&#039;oiseau qui fait venir le jour, un conte musical de Yanowski et l&#039;Orchestre Lamoureux\" width=\"525\" height=\"295\" src=\"https:\/\/www.youtube.com\/embed\/bh_25QSfb8I?feature=oembed\" frameborder=\"0\" allow=\"accelerometer; autoplay; clipboard-write; encrypted-media; gyroscope; picture-in-picture; web-share\" referrerpolicy=\"strict-origin-when-cross-origin\" allowfullscreen><\/iframe>\n<\/div><\/figure>\n\n\n\n<p><strong><br>Un conte musical fantastique au coeur de Venise<\/strong><\/p>\n\n\n\n<div class=\"wp-block-columns is-layout-flex wp-container-core-columns-is-layout-9d6595d7 wp-block-columns-is-layout-flex\">\n<div class=\"wp-block-column is-layout-flow wp-block-column-is-layout-flow\" style=\"flex-basis:33.33%\">\n<figure class=\"wp-block-image size-large\"><img loading=\"lazy\" decoding=\"async\" width=\"718\" height=\"1024\" src=\"https:\/\/yanowski.fr\/wp-content\/uploads\/2025\/08\/Affiche-malevolo-et-loiseau-qui-fait-venir-le-jour-718x1024.webp\" alt=\"\" class=\"wp-image-328\" srcset=\"https:\/\/yanowski.fr\/wp-content\/uploads\/2025\/08\/Affiche-malevolo-et-loiseau-qui-fait-venir-le-jour-718x1024.webp 718w, https:\/\/yanowski.fr\/wp-content\/uploads\/2025\/08\/Affiche-malevolo-et-loiseau-qui-fait-venir-le-jour-210x300.webp 210w, https:\/\/yanowski.fr\/wp-content\/uploads\/2025\/08\/Affiche-malevolo-et-loiseau-qui-fait-venir-le-jour-768x1096.webp 768w, https:\/\/yanowski.fr\/wp-content\/uploads\/2025\/08\/Affiche-malevolo-et-loiseau-qui-fait-venir-le-jour.webp 988w\" sizes=\"auto, (max-width: 718px) 100vw, 718px\" \/><\/figure>\n<\/div>\n\n\n\n<div class=\"wp-block-column is-layout-flow wp-block-column-is-layout-flow\" style=\"flex-basis:66.66%\">\n<p>Oiseau merveilleux cens\u00e9 faire venir le jour, l\u2019Uccelino est convoit\u00e9 par le marchand Malevolo, cupide au point de plonger Venise dans les t\u00e9n\u00e8bres. Heureusement la jeune trap\u00e9ziste Gina veille\u2026 Tr\u00e8s inspir\u00e9, le chanteur, compositeur et po\u00e8te Yanowski dit son conte avec une verve irr\u00e9sistible, lov\u00e9 dans des airs de Gluck, Ravel ou Vivaldi.<\/p>\n<\/div>\n<\/div>\n\n\n\n<p><strong>Livre musical<\/strong><\/p>\n\n\n\n<div class=\"wp-block-columns is-layout-flex wp-container-core-columns-is-layout-9d6595d7 wp-block-columns-is-layout-flex\">\n<div class=\"wp-block-column is-layout-flow wp-block-column-is-layout-flow\" style=\"flex-basis:33.33%\">\n<figure class=\"wp-block-image size-full\"><a href=\"https:\/\/www.fnac.com\/a20870419\/Yanowski-Malevolo-et-l-oiseau-qui-fait-venir-le-jour\"><img loading=\"lazy\" decoding=\"async\" width=\"400\" height=\"400\" src=\"https:\/\/yanowski.fr\/wp-content\/uploads\/2025\/08\/Malevolo-et-l-oiseau-qui-fait-venir-le-jour.jpg\" alt=\"\" class=\"wp-image-339\" srcset=\"https:\/\/yanowski.fr\/wp-content\/uploads\/2025\/08\/Malevolo-et-l-oiseau-qui-fait-venir-le-jour.jpg 400w, https:\/\/yanowski.fr\/wp-content\/uploads\/2025\/08\/Malevolo-et-l-oiseau-qui-fait-venir-le-jour-300x300.jpg 300w, https:\/\/yanowski.fr\/wp-content\/uploads\/2025\/08\/Malevolo-et-l-oiseau-qui-fait-venir-le-jour-150x150.jpg 150w, https:\/\/yanowski.fr\/wp-content\/uploads\/2025\/08\/Malevolo-et-l-oiseau-qui-fait-venir-le-jour-100x100.jpg 100w\" sizes=\"auto, (max-width: 400px) 100vw, 400px\" \/><\/a><\/figure>\n<\/div>\n\n\n\n<div class=\"wp-block-column is-layout-flow wp-block-column-is-layout-flow\" style=\"flex-basis:66.66%\">\n<p>Un v\u00e9ritable son et lumi\u00e8re habill\u00e9 des plus belles pages du r\u00e9pertoire classique (Ravel, Vivaldi, Beethoven, Gluck\u2026). La palette d&rsquo;encres aux couleurs raffin\u00e9es de Matthieu Fayette joue avec les t\u00e9n\u00e8bres et la lumi\u00e8re et laisse la place \u00e0 l&rsquo;imagination de tous les m\u00e9lomanes en herbe, elle donne une touche sensible et po\u00e9tique \u00e0 chacun des tableaux, comme au spectacle. Une merveille pour les yeux et les oreilles des petits et des grands !<\/p>\n<\/div>\n<\/div>\n","protected":false},"excerpt":{"rendered":"<p>Un conte musical fantastique au coeur de Venise Oiseau merveilleux cens\u00e9 faire venir le jour, l\u2019Uccelino est convoit\u00e9 par le marchand Malevolo, cupide au point de plonger Venise dans les t\u00e9n\u00e8bres. Heureusement la jeune trap\u00e9ziste Gina veille\u2026 Tr\u00e8s inspir\u00e9, le chanteur, compositeur et po\u00e8te Yanowski dit son conte avec une verve irr\u00e9sistible, lov\u00e9 dans des &hellip; <\/p>\n<p class=\"link-more\"><a href=\"https:\/\/yanowski.fr\/index.php\/malevolo-et-loiseau-qui-faisait-venir-le-jour\/\" class=\"more-link\">Continuer la lecture<span class=\"screen-reader-text\"> de &laquo;&nbsp;Malevolo et l&rsquo;oiseau qui faisait venir le jour&nbsp;&raquo;<\/span><\/a><\/p>\n","protected":false},"author":1,"featured_media":0,"parent":0,"menu_order":0,"comment_status":"closed","ping_status":"closed","template":"","meta":{"footnotes":""},"class_list":["post-327","page","type-page","status-publish","hentry"],"_links":{"self":[{"href":"https:\/\/yanowski.fr\/index.php\/wp-json\/wp\/v2\/pages\/327","targetHints":{"allow":["GET"]}}],"collection":[{"href":"https:\/\/yanowski.fr\/index.php\/wp-json\/wp\/v2\/pages"}],"about":[{"href":"https:\/\/yanowski.fr\/index.php\/wp-json\/wp\/v2\/types\/page"}],"author":[{"embeddable":true,"href":"https:\/\/yanowski.fr\/index.php\/wp-json\/wp\/v2\/users\/1"}],"replies":[{"embeddable":true,"href":"https:\/\/yanowski.fr\/index.php\/wp-json\/wp\/v2\/comments?post=327"}],"version-history":[{"count":4,"href":"https:\/\/yanowski.fr\/index.php\/wp-json\/wp\/v2\/pages\/327\/revisions"}],"predecessor-version":[{"id":345,"href":"https:\/\/yanowski.fr\/index.php\/wp-json\/wp\/v2\/pages\/327\/revisions\/345"}],"wp:attachment":[{"href":"https:\/\/yanowski.fr\/index.php\/wp-json\/wp\/v2\/media?parent=327"}],"curies":[{"name":"wp","href":"https:\/\/api.w.org\/{rel}","templated":true}]}}