{"id":271,"date":"2022-03-21T14:17:08","date_gmt":"2022-03-21T13:17:08","guid":{"rendered":"http:\/\/yanowski.fr\/?page_id=271"},"modified":"2022-03-21T14:17:30","modified_gmt":"2022-03-21T13:17:30","slug":"smocking-josephine","status":"publish","type":"page","link":"https:\/\/yanowski.fr\/index.php\/smocking-josephine\/","title":{"rendered":"Smocking Jos\u00e9phine"},"content":{"rendered":"\n<figure class=\"wp-block-embed is-type-video is-provider-youtube wp-block-embed-youtube wp-embed-aspect-16-9 wp-has-aspect-ratio\"><div class=\"wp-block-embed__wrapper\">\n<iframe loading=\"lazy\" title=\"\u00ab TANGO, OBSESSION \u00bb - Smoking Josephine &amp; Yanowski - Compos\u00e9 et arrang\u00e9 par G. Beytelmann\" width=\"525\" height=\"295\" src=\"https:\/\/www.youtube.com\/embed\/XDeo198slBg?feature=oembed\" frameborder=\"0\" allow=\"accelerometer; autoplay; clipboard-write; encrypted-media; gyroscope; picture-in-picture; web-share\" referrerpolicy=\"strict-origin-when-cross-origin\" allowfullscreen><\/iframe>\n<\/div><\/figure>\n\n\n\n<p><strong><em>\u00ab\u00a0Tango,\u00a0obsession\u00a0\u00bb<\/em><\/strong> est un voyage \u00e0 travers cent ans de tango,\u00a0depuis les premi\u00e8res \u0153uvres argentines traditionnelles, en passant\u00a0par l\u2019\u00e9ternel Astor Piazzolla, jusqu\u2019aux compositions de Gustavo\u00a0Beytelmann, pianiste et partenaire d\u2019Astor\u00a0Piazzolla pendant de longues ann\u00e9es.<\/p>\n\n\n\n<p>R\u00e9unies\u00a0sous l\u2019impulsion de\u00a0Genevi\u00e8ve Laurenceau, le groupe\u00a0Smoking\u00a0Jos\u00e9phine\u00a0est compos\u00e9 de cinq brillantes musiciennes unissant\u00a0\u00e9nergie et cr\u00e9ativit\u00e9 qui s\u2019emparent des classiques sans\u00a0complexe.<br>Smoking\u00a0Jos\u00e9phine\u00a0et le chanteur\u00a0Yanowski, dont les racines sont hispaniques,\u00a0se sont retrouv\u00e9s pour partager leur\u00a0passion du tango et d\u2019en raconter l\u2019histoire.<\/p>\n\n\n\n<p><strong>Diffusion<\/strong> Pauline Meyer 06 98 74 03 37<\/p>\n","protected":false},"excerpt":{"rendered":"<p>\u00ab\u00a0Tango,\u00a0obsession\u00a0\u00bb est un voyage \u00e0 travers cent ans de tango,\u00a0depuis les premi\u00e8res \u0153uvres argentines traditionnelles, en passant\u00a0par l\u2019\u00e9ternel Astor Piazzolla, jusqu\u2019aux compositions de Gustavo\u00a0Beytelmann, pianiste et partenaire d\u2019Astor\u00a0Piazzolla pendant de longues ann\u00e9es. R\u00e9unies\u00a0sous l\u2019impulsion de\u00a0Genevi\u00e8ve Laurenceau, le groupe\u00a0Smoking\u00a0Jos\u00e9phine\u00a0est compos\u00e9 de cinq brillantes musiciennes unissant\u00a0\u00e9nergie et cr\u00e9ativit\u00e9 qui s\u2019emparent des classiques sans\u00a0complexe.Smoking\u00a0Jos\u00e9phine\u00a0et le chanteur\u00a0Yanowski, dont les &hellip; <\/p>\n<p class=\"link-more\"><a href=\"https:\/\/yanowski.fr\/index.php\/smocking-josephine\/\" class=\"more-link\">Continuer la lecture<span class=\"screen-reader-text\"> de &laquo;&nbsp;Smocking Jos\u00e9phine&nbsp;&raquo;<\/span><\/a><\/p>\n","protected":false},"author":1,"featured_media":0,"parent":0,"menu_order":0,"comment_status":"closed","ping_status":"closed","template":"","meta":{"footnotes":""},"class_list":["post-271","page","type-page","status-publish","hentry"],"_links":{"self":[{"href":"https:\/\/yanowski.fr\/index.php\/wp-json\/wp\/v2\/pages\/271","targetHints":{"allow":["GET"]}}],"collection":[{"href":"https:\/\/yanowski.fr\/index.php\/wp-json\/wp\/v2\/pages"}],"about":[{"href":"https:\/\/yanowski.fr\/index.php\/wp-json\/wp\/v2\/types\/page"}],"author":[{"embeddable":true,"href":"https:\/\/yanowski.fr\/index.php\/wp-json\/wp\/v2\/users\/1"}],"replies":[{"embeddable":true,"href":"https:\/\/yanowski.fr\/index.php\/wp-json\/wp\/v2\/comments?post=271"}],"version-history":[{"count":2,"href":"https:\/\/yanowski.fr\/index.php\/wp-json\/wp\/v2\/pages\/271\/revisions"}],"predecessor-version":[{"id":273,"href":"https:\/\/yanowski.fr\/index.php\/wp-json\/wp\/v2\/pages\/271\/revisions\/273"}],"wp:attachment":[{"href":"https:\/\/yanowski.fr\/index.php\/wp-json\/wp\/v2\/media?parent=271"}],"curies":[{"name":"wp","href":"https:\/\/api.w.org\/{rel}","templated":true}]}}