{"id":149,"date":"2022-03-09T16:12:17","date_gmt":"2022-03-09T15:12:17","guid":{"rendered":"http:\/\/yanowski.fr\/?page_id=149"},"modified":"2022-03-09T16:14:57","modified_gmt":"2022-03-09T15:14:57","slug":"les-brandebourgeois-bourgeonnent","status":"publish","type":"page","link":"https:\/\/yanowski.fr\/index.php\/les-brandebourgeois-bourgeonnent\/","title":{"rendered":"Les Brandebourgeois bourgeonnent"},"content":{"rendered":"\n<p>CONCERT&nbsp;JEUNESSE<br>D\u00e8s 6 ans<\/p>\n\n\n\n<p>Dur\u00e9e : 50 minutes<\/p>\n\n\n\n<div class=\"wp-block-media-text alignwide is-stacked-on-mobile\"><figure class=\"wp-block-media-text__media\"><img loading=\"lazy\" decoding=\"async\" width=\"768\" height=\"640\" src=\"http:\/\/yanowski.fr\/wp-content\/uploads\/2022\/03\/Photo-Yanowski-et-Te\u0301tard-768x640-1.jpg\" alt=\"\" class=\"wp-image-23 size-full\" srcset=\"https:\/\/yanowski.fr\/wp-content\/uploads\/2022\/03\/Photo-Yanowski-et-Te\u0301tard-768x640-1.jpg 768w, https:\/\/yanowski.fr\/wp-content\/uploads\/2022\/03\/Photo-Yanowski-et-Te\u0301tard-768x640-1-300x250.jpg 300w\" sizes=\"auto, (max-width: 767px) 89vw, (max-width: 1000px) 54vw, (max-width: 1071px) 543px, 580px\" \/><\/figure><div class=\"wp-block-media-text__content\">\n<p><strong>Jean-S\u00e9bastien Bach<\/strong><br>Concertos Brandebourgeois (extraits)<\/p>\n\n\n\n<p>Utiliser l\u2019imaginaire pour rendre accessible la musique baroque et se familiariser par l\u00e0 m\u00eame avec une figure aussi importante que Jean-S\u00e9bastien Bach : c\u2019est la formule astucieuse et novatrice imagin\u00e9e par l\u2019auteur-compositeur-interpr\u00e8te Yanowski et son complice, le clown et violoniste Christian T\u00e9tard. Un tandem d\u00e9tonant compos\u00e9 d\u2019un clown blanc et d\u2019un Jean-S\u00e9bastien Bach plus vrai que nature plong\u00e9 dans son quotidien de compositeur. Participant au dialogue ludique et musical entre les com\u00e9diens et l\u2019orchestre, le jeune public y trouvera toutes les cl\u00e9s de compr\u00e9hension de l\u2019\u0153uvre et du processus de cr\u00e9ation.<\/p>\n<\/div><\/div>\n\n\n\n<p>DIRECTION ET VIOLON SOLO \u2014 Hugues BORSARELLO<br>COM\u00c9DIENS \u2014 YANOWSKI et Christian T\u00c9TARD<br>LA CHAMBRE LAMOUREUX<\/p>\n","protected":false},"excerpt":{"rendered":"<p>CONCERT&nbsp;JEUNESSED\u00e8s 6 ans Dur\u00e9e : 50 minutes Jean-S\u00e9bastien BachConcertos Brandebourgeois (extraits) Utiliser l\u2019imaginaire pour rendre accessible la musique baroque et se familiariser par l\u00e0 m\u00eame avec une figure aussi importante que Jean-S\u00e9bastien Bach : c\u2019est la formule astucieuse et novatrice imagin\u00e9e par l\u2019auteur-compositeur-interpr\u00e8te Yanowski et son complice, le clown et violoniste Christian T\u00e9tard. Un tandem &hellip; <\/p>\n<p class=\"link-more\"><a href=\"https:\/\/yanowski.fr\/index.php\/les-brandebourgeois-bourgeonnent\/\" class=\"more-link\">Continuer la lecture<span class=\"screen-reader-text\"> de &laquo;&nbsp;Les Brandebourgeois bourgeonnent&nbsp;&raquo;<\/span><\/a><\/p>\n","protected":false},"author":1,"featured_media":0,"parent":0,"menu_order":0,"comment_status":"closed","ping_status":"closed","template":"","meta":{"footnotes":""},"class_list":["post-149","page","type-page","status-publish","hentry"],"_links":{"self":[{"href":"https:\/\/yanowski.fr\/index.php\/wp-json\/wp\/v2\/pages\/149","targetHints":{"allow":["GET"]}}],"collection":[{"href":"https:\/\/yanowski.fr\/index.php\/wp-json\/wp\/v2\/pages"}],"about":[{"href":"https:\/\/yanowski.fr\/index.php\/wp-json\/wp\/v2\/types\/page"}],"author":[{"embeddable":true,"href":"https:\/\/yanowski.fr\/index.php\/wp-json\/wp\/v2\/users\/1"}],"replies":[{"embeddable":true,"href":"https:\/\/yanowski.fr\/index.php\/wp-json\/wp\/v2\/comments?post=149"}],"version-history":[{"count":5,"href":"https:\/\/yanowski.fr\/index.php\/wp-json\/wp\/v2\/pages\/149\/revisions"}],"predecessor-version":[{"id":155,"href":"https:\/\/yanowski.fr\/index.php\/wp-json\/wp\/v2\/pages\/149\/revisions\/155"}],"wp:attachment":[{"href":"https:\/\/yanowski.fr\/index.php\/wp-json\/wp\/v2\/media?parent=149"}],"curies":[{"name":"wp","href":"https:\/\/api.w.org\/{rel}","templated":true}]}}

<p>CONCERT&nbsp;JEUNESSE<br>Dès 6 ans</p>



<p>Durée : 50 minutes</p>



<div class="wp-block-media-text alignwide is-stacked-on-mobile"><figure class="wp-block-media-text__media"><img loading="lazy" decoding="async" width="768" height="640" src="http://yanowski.fr/wp-content/uploads/2022/03/Photo-Yanowski-et-Tétard-768x640-1.jpg" alt="" class="wp-image-23 size-full" srcset="https://yanowski.fr/wp-content/uploads/2022/03/Photo-Yanowski-et-Tétard-768x640-1.jpg 768w, https://yanowski.fr/wp-content/uploads/2022/03/Photo-Yanowski-et-Tétard-768x640-1-300x250.jpg 300w" sizes="auto, (max-width: 767px) 89vw, (max-width: 1000px) 54vw, (max-width: 1071px) 543px, 580px" /></figure><div class="wp-block-media-text__content">
<p><strong>Jean-Sébastien Bach</strong><br>Concertos Brandebourgeois (extraits)</p>



<p>Utiliser l’imaginaire pour rendre accessible la musique baroque et se familiariser par là même avec une figure aussi importante que Jean-Sébastien Bach : c’est la formule astucieuse et novatrice imaginée par l’auteur-compositeur-interprète Yanowski et son complice, le clown et violoniste Christian Tétard. Un tandem détonant composé d’un clown blanc et d’un Jean-Sébastien Bach plus vrai que nature plongé dans son quotidien de compositeur. Participant au dialogue ludique et musical entre les comédiens et l’orchestre, le jeune public y trouvera toutes les clés de compréhension de l’œuvre et du processus de création.</p>
</div></div>



<p>DIRECTION ET VIOLON SOLO — Hugues BORSARELLO<br>COMÉDIENS — YANOWSKI et Christian TÉTARD<br>LA CHAMBRE LAMOUREUX</p>

<p>CONCERT&nbsp;JEUNESSEDès 6 ans Durée : 50 minutes Jean-Sébastien BachConcertos Brandebourgeois (extraits) Utiliser l’imaginaire pour rendre accessible la musique baroque et se familiariser par là même avec une figure aussi importante que Jean-Sébastien Bach : c’est la formule astucieuse et novatrice imaginée par l’auteur-compositeur-interprète Yanowski et son complice, le clown et violoniste Christian Tétard. Un tandem &hellip; </p>
<p class="link-more"><a href="https://yanowski.fr/index.php/les-brandebourgeois-bourgeonnent/" class="more-link">Continuer la lecture<span class="screen-reader-text"> de &laquo;&nbsp;Les Brandebourgeois bourgeonnent&nbsp;&raquo;</span></a></p>
